it of (6/(-4))/((-6)/z)?
4
Let k be (45/2)/(2/4). Suppose h + 5*w = k, 2*w = -0*w + 6. What is the units digit of h?
0
Let t = -68 + 327. What is the tens digit of t?
5
Suppose -n + 6*n - 40 = 0. What is the units digit of n?
8
Let f = 3 + 2. Suppose h - f = 6. What is the units digit of h?
1
Let t(o) = -5*o + 7. What is the tens digit of t(-4)?
2
Suppose 3*b - 5*b - 8 = 0. Let g = b + 6. What is the units digit of g?
2
Let w(v) = -9 + 2*v**3 - 2*v + v**3 - 2*v**3 + 12*v**2. What is the units digit of w(-12)?
5
Suppose -5*u + 8 = -7. Suppose -u*a - c + 11 = c, -4*a - 5*c = -10. What is the units digit of a?
5
Let m(w) = 3*w - 3. Let g(h) = -8*h + 10. Let q(t) = 2*g(t) + 7*m(t). What is the tens digit of q(4)?
1
Let v = -6 - -9. Let d(p) = -2*p + 7 - 2*p + v*p. What is the units digit of d(6)?
1
Suppose 15*i = 10*i + 120. Let z = 26 + i. What is the tens digit of z?
5
Let i = 58 - 35. What is the units digit of i?
3
Let v = -6 - -32. Suppose -51 = -3*c - 4*b + v, 2*c = 3*b + 23. What is the units digit of c?
9
Let o(d) = -6*d**3 + 6*d**2 + 7*d + 1. Let u(a) = -5*a**3 + 6*a**2 + 6*a. Let g(q) = -4*o(q) + 5*u(q). What is the units digit of g(6)?
8
Let t(z) = 0*z + 1 + z - 3*z + 25*z**3 + 2*z**2. What is the units digit of t(1)?
6
Let w(n) = -n - 5. Let m be w(-7). Let q(g) = 3*g + 4 - 2 + 3*g**m + g. What is the units digit of q(-2)?
6
Suppose 2*g - 25 = -3*g. Suppose 2*i + 1 = g. What is the units digit of i?
2
Suppose -b + 1 + 4 = 0. Let x(c) = -c**3 + 5*c**2 + 3*c - 3. Let h be x(b). What is the units digit of h/(-9)*9/(-2)?
6
Suppose -2*g + 28 = -30. What is the tens digit of g?
2
Suppose 0*q + 95 = o + 5*q, o = 3*q + 55. What is the units digit of o?
0
Suppose 4*q - q = 81. What is the tens digit of q?
2
What is the units digit of -3 + 212/(5 - 4)?
9
What is the units digit of 4 - 1 - (-93 - -4)?
2
Let m be 12/8*(1 + 1). What is the tens digit of (-400)/(-24)*m/2?
2
Let r = -6 + 4. Let w be (-26)/(-4) - 1/(-2). Let v = r + w. What is the units digit of v?
5
Suppose 0 = g - 2*u + 14, -3*g - 3*u = 2 + 4. Let p(y) = 3*y + 1. Let d be p(g). Let j = -3 - d. What is the units digit of j?
4
Suppose -3*z = -r - 2*z + 41, 25 = 5*z. What is the units digit of r?
6
Let k = 7 - 4. Let q = k + -2. Suppose -2*r + q = -1, -r - 5 = -2*b. What is the units digit of b?
3
Let j(y) = -8*y**3 - 2*y**2 + y + 1. Let g be j(-2). Suppose 5*m + 0*m = g. What is the units digit of m?
1
Let d(n) = -n**2 + 8*n + 11. Let o be d(8). Let v = 0 - -8. Let z = o - v. What is the units digit of z?
3
Let o(u) = u + 1. Let k be o(4). Suppose 4*i - k*a = 7, a + 14 = 3*i + 6*a. What is the units digit of 1 + (-1)/(i/(-24))?
9
Let c(p) = p**2 + 17*p - 13. What is the units digit of c(-18)?
5
Let v = 18 - 17. What is the tens digit of v/12*4*114?
3
Suppose 27 = 2*n - 27. What is the units digit of n?
7
Suppose u + 3*u - 172 = 0. Suppose 4*b + 3*d = 3*b + 11, -5*b - 3*d = -u. What is the units digit of b?
8
Let i = 12 - -13. What is the tens digit of i?
2
Let h(z) be the second derivative of 0 + 2*z**2 + 5/6*z**3 + 2*z + 1/12*z**4. What is the units digit of h(-5)?
4
Suppose 3 - 10 = r. Let y(j) be the second derivative of j**5/20 + 7*j**4/12 - j**3/6 + j**2 - j. What is the units digit of y(r)?
9
What is the units digit of 8/((-2)/4*-1)?
6
Let q be (-3 - -3)/(0 + -2). Suppose 5*y - 20 = q, -14 = 2*d - 2*y - 2*y. What is the units digit of d?
1
Suppose -598 = -5*o - 4*j, 0 = -2*o + 4*j + 83 + 173. What is the units digit of o?
2
Let a be (-11 + -1)*(-2)/6. Suppose a*w + 1 = 45. What is the tens digit of w?
1
Let g(i) = 2*i**3 + 2*i + 0 + 0*i + 1 - 4*i**2. Let k be g(3). Suppose k = 5*v - 0. What is the units digit of v?
5
Let y be (-6)/(-45) - 118/(-15). Let a = 20 - y. What is the tens digit of a?
1
Suppose 0 = -0*v - v + 4. Suppose p - 5*r + v = 11, -5 = 5*r. What is the units digit of (-1)/(-3 + p) + 16?
7
What is the tens digit of (30/9)/((-2)/(-36))?
6
Suppose 4*r = -3*d + r, -4*r = 5*d. Suppose z - 14 - 1 = d. What is the units digit of z?
5
What is the units digit of (-36)/(-10) - 4 - (-614)/10?
1
Suppose -3*o = -2*g - 11, 4*o + 3*g = -g + 28. What is the units digit of o?
5
What is the tens digit of 536/6*((-27)/2)/(-9)?
3
Let g = 6 + -9. Let n be g*1 - (-7 + 4). Let p = n - -2. What is the units digit of p?
2
Suppose -2*n + 101 = 9. What is the units digit of n?
6
Let g(k) = 68*k**2 + 3*k + 4. What is the tens digit of g(-1)?
6
Let a = 433 - 261. Suppose -3*h = -5*j + a, -j + 2 = 3*h - 18. What is the units digit of j?
2
Suppose 4*i = -5*y + 1365, -6*i = -4*y - 4*i + 1118. What is the units digit of y?
7
Let b(d) = 3*d**3 - 3*d**2 + 4*d - 4. What is the units digit of b(3)?
2
What is the units digit of 94/(-4)*((-2 - -5) + -13)?
5
Let a(l) = l + 10. Let t be a(-7). Let i(o) = -o**3 + o**2 + o + 1. Let q be i(-1). Suppose -6 = -q*s - w + 2, w = -t*s + 13. What is the units digit of s?
5
Suppose 9 = 4*m - 3*m. What is the units digit of (-6)/27 - (-236)/m?
6
Let y(v) be the first derivative of 7*v**2/2 - 2*v + 4. What is the tens digit of y(3)?
1
Suppose -m + 4*m = 30. Suppose -3*i = -i - m. Suppose 0 = -3*x - 5*c + 22, -i*x - 5*c + 4 = -36. What is the units digit of x?
9
What is the tens digit of 12/(-3) + -5 + 71?
6
Let f = -11 - -17. Let z be (1/((-3)/f))/2. What is the units digit of 6 - z/((-3)/6)?
4
Suppose 0*k = -k + 6. Suppose -a = -4*a + k. Suppose -h + a*h = 7. What is the units digit of h?
7
Let c(n) = -8*n + 11. Let b(j) = 4*j - 5. Let k(l) = 5*b(l) + 2*c(l). Let v be k(3). Suppose -m - v = -2*m. What is the units digit of m?
9
Suppose 0*h + 8 = 2*h. Suppose 0 = j + 1 - h. What is the units digit of j?
3
Suppose -2*f - 26 = -3*f. What is the tens digit of f?
2
What is the units digit of ((-10)/15)/(-1) + 795/9?
9
Suppose a - 6*a = 0. Suppose 0*o = 3*o + 9, 4*v + o - 1 = a. What is the units digit of v?
1
Let g(a) = -4*a - 10. Suppose 20 = -5*z - 2*j, -4*z + 5*z + 2*j - 4 = 0. What is the units digit of g(z)?
4
Suppose -5*v + 166 - 61 = 0. Suppose 4*f - 5*z + v = 0, -3*z = 4*f - 6*z + 11. What is the units digit of 7*f*(-1 - -2)?
7
Let h(v) = 3*v**2 + 12*v - 17. What is the hundreds digit of h(7)?
2
Let i be 2 + 0 - (0 - -1). Suppose -3*x + 10 = i. Let r = 8 + x. What is the tens digit of r?
1
Suppose 0 = 2*k + 8, 3*k = 2*s - 64 - 24. What is the units digit of s?
8
Suppose -2*o + 4*o - 2 = 0. What is the units digit of o?
1
Let c(n) = -7*n - 3. Let q(i) = 13*i + 7. Let l(t) = 11*c(t) + 6*q(t). Let f be l(-7). Suppose 0 = -j + f + 2. What is the units digit of j?
4
Suppose -3*h - 3*m = 0, -4*m = -h + m. Suppose -4*w - 16 + 64 = h. What is the tens digit of w?
1
Suppose -34*g = -38*g + 1208. What is the units digit of g?
2
Let o be -1 + (15/3 - 3). Suppose 2 - o = s. What is the units digit of s?
1
Let x be 2*(-3)/18*-27. Let z(f) = f**2 - 8*f - 2. What is the units digit of z(x)?
7
Let g(w) = -18*w**2 + 5*w + 1. Let i(b) = -6*b**2 + 2*b. Let d(j) = -2*g(j) + 7*i(j). Let o be d(2). Let a = -11 - o. What is the units digit of a?
7
Let f = -40 + 62. What is the units digit of 79/11 + (-4)/f?
7
Let n = 0 - 2. What is the units digit of n/(-5) - (-3)/5?
1
Let a = 6 + -11. Let i be ((-4)/a)/((-1)/(-5)). Suppose -21 = -i*y - 0*y + 3*u, 0 = -5*y + 3*u + 27. What is the units digit of y?
6
Let r be 3*20*1/6. Let q = 19 - r. What is the units digit of q?
9
Let y = 1 + 1. Let t = 1 + y. Suppose 3*k = k - 10, -k + 13 = t*a. What is the units digit of a?
6
Let b(r) = -2*r + 3. Let s be b(-9). Suppose -4*d - s = -7*d. What is the units digit of d?
7
Let g(w) = w**2 - 1. Let z(f) = 2*f**2 + 8*f - 11. Let m(r) = 3*g(r) - z(r). Suppose -c + 6*c = 35. What is the units digit of m(c)?
1
Suppose j - 36 = 6. Let k = j - 18. What is the tens digit of k?
2
Suppose -18 = -0*q + 3*q. Let i(f) be the second derivative of -f**5/20 - 5*f**4/12 + f**3 + 9*f**2/2 + 4*f. What is the units digit of i(q)?
9
What is the units digit of (-4)/16 + (-501)/(-4)?
5
Suppose -3*o - w = o - 39, -70 = -5*o + 3*w. What is the tens digit of o?
1
Suppose t - 3*t = -164. What is the units digit of t?
2
Suppose -h = -2 - 1. What is the tens digit of (5 + 52)*1/h?
1
Suppose m = -x + 4*x - 20, 1 = m. What is the units digit of x?
7
Let p(r) = -r**3 + 5*r**2 + 5. Let k be p(5). What is the units digit of (-3 - 